et m(n) be the first derivative of n**3/3 + 2*n**2 + n + 1. Let r be 2/(-6) - 34/6. List the prime factors of m(r).
13
Let a = -8 - 2. Let i be 69/(-15) - (-4)/a. Let j = 10 + i. What are the prime factors of j?
5
Let i be 1/4 + (-138)/8. Let f = i + 25. Suppose -f = -5*l + l. What are the prime factors of l?
2
What are the prime factors of (-8734)/(-110) + 6/10?
2, 5
Suppose -5*h - 9 = -3*n, h = 4*n - 0*n - 12. Suppose -3*r = 2*r - 40. Suppose -s = n*s - r. List the prime factors of s.
2
Let t(o) = -o**3 - 6*o**2 + 2*o + 2. What are the prime factors of t(-8)?
2, 3, 19
Let y(b) = -b**3 + 9*b**2 - 6*b + 2. Let z be y(6). Suppose -14 = 5*n - z. Suppose -n = -5*i + 13. List the prime factors of i.
5
Suppose 29 + 115 = 3*t. List the prime factors of t.
2, 3
Let f be (-8 + 2)*(-2)/6. Suppose -2*n + 5*q = 15, -f*n = -0*n - 2*q + 18. Let w(r) = -r + 4. List the prime factors of w(n).
2, 7
Let t = 557 + -245. What are the prime factors of t?
2, 3, 13
Let v(z) = 1 - z + 0*z + 2 + 0*z. Let t be v(0). Suppose -13 = -2*o - t. What are the prime factors of o?
5
Suppose -5*k = -y + 5*y - 220, k = 5*y + 44. List the prime factors of k.
2, 11
Suppose 3*z = z + 56. List the prime factors of z.
2, 7
Suppose -4*t - 12 = 4*j, 0*t - t = -3*j - 25. Suppose -2*y + 2 = 0, 2*y - 5*y = 2*u - 13. Let b = u - j. List the prime factors of b.
2, 3
Let s be 2/(-4) - (-1)/2. Suppose 15 = z - s*z. Let q = -9 + z. List the prime factors of q.
2, 3
Let o be -1 + (0 - -6 - 3). Suppose -6 = -u - o*u. What are the prime factors of u?
2
Let b = -57 + 93. What are the prime factors of (2/(-4))/((-3)/b)?
2, 3
Suppose 0 = -a - 1 - 10. Let t = a + 15. What are the prime factors of -2*t/(24/(-9))?
3
Suppose 0*m - 3*m - 5*u = -4, 3*m - 3*u = 12. Let o be 2/(-1) - 42/(-7). Suppose m*n - 2 = o. List the prime factors of n.
2
Let q be (-2)/((4/13)/(-2)). Suppose 92*v - 90*v - 2 = 0. Let m = q + v. List the prime factors of m.
2, 7
Suppose -4*c = 4*l - 16, 0 = -4*l + 2*l + 2. Suppose c*g - 16 = 7*g, u = 2*g + 16. Let o = -4 + u. List the prime factors of o.
2
Let q(h) = -4 - 1 + 2*h + 5*h - h. What are the prime factors of q(4)?
19
Let j be ((-2)/6)/((-2)/12). Suppose -j*c - 50 = -4*c. Suppose -5*f = -5*u - c, 0 = -3*f + 2*u - 3*u + 27. List the prime factors of f.
2
Let d = 7 - 4. Suppose -4 = -2*k - 5*v + 7, k = -d*v + 3. What are the prime factors of k?
2, 3
Suppose 5*v - 1198 = 72. List the prime factors of v.
2, 127
Suppose -7*o = -552 - 428. List the prime factors of o.
2, 5, 7
Let d be (-12)/7 + 4/(-14). List the prime factors of d*(-19)/(-2)*-1.
19
Let p(u) = u**2 - 5*u + 4. Let n be p(5). Let w(r) = 4*r**2 - 11*r + 6. What are the prime factors of w(n)?
2, 13
Suppose v - 5 + 0 = 0. Suppose -3*r + 101 = v*n, -54 = -4*r - n + 75. What are the prime factors of r?
2
Let l(i) = i**2 - 13*i + 5. Let m be l(13). Let a(p) be the first derivative of -p**3/3 + 5*p**2/2 + 6*p + 2. What are the prime factors of a(m)?
2, 3
Let p(g) = -g + 7. Let q(l) = l - 8. Let n(a) = 3*p(a) + 2*q(a). Let r be n(-7). Suppose 0 = 3*y - 7*y + r. List the prime factors of y.
3
Suppose -9*x + 7*x = -32. List the prime factors of x.
2
Let z be (-4)/(-2)*371/14. Let j = z + -34. List the prime factors of j.
19
Suppose -32 = 3*c - 137. What are the prime factors of c?
5, 7
Suppose -2*s + 6 = 0, -s = -l + 2*s + 14. What are the prime factors of l?
23
Suppose -72 = -0*m - 2*m. Let p be 3/((-3)/22) + -1. Let i = m + p. What are the prime factors of i?
13
Let t(u) = -14*u + 3. Let r be t(3). Let g = r + 58. What are the prime factors of g?
19
Let t(r) = 3*r - 7. Let f be (10/(-4)*2)/(-1). Let w be t(f). Suppose -5*h = -m - 4*h + w, h + 2 = -m. List the prime factors of m.
3
Let c(a) = a**3 + 6*a**2 - 8*a - 4. Let m be c(-7). Let p = m - 1. List the prime factors of p.
2
List the prime factors of (-2)/(-10) - ((-2367)/15 + 4).
2, 7, 11
Let a(h) = h**3 - 4*h**2 - 6*h + 3. Let g be a(5). List the prime factors of (g + 2)/(-4) - -56.
2, 7
Let z(h) = -h**3 + 7*h**2 - h + 1. Let q(w) = w**3 - 6*w**2 + w - 2. Let m(y) = -3*q(y) - 2*z(y). List the prime factors of m(3).
2, 5
Let k = 6 - 4. Suppose 0 = y - 3, -5*n + 0*n - 4*y = -37. Let p = n - k. What are the prime factors of p?
3
Let j = 37 - 17. Let l = j - -17. List the prime factors of l.
37
Let b be -4*(6/(-4) - -2). Let x be 3 + -1 + 24 + b. Suppose 0*w = -3*w + x. List the prime factors of w.
2
Suppose 0 = -0*d - 5*d + 40. What are the prime factors of d?
2
Let k(a) = -a + 12. Let i be k(9). Let z(x) = 3*x + 3. What are the prime factors of z(i)?
2, 3
Let i(n) = 3*n - 13. Let d = 10 + 2. List the prime factors of i(d).
23
Let c(i) = -i**2 - 3*i + 5. Let p(n) = n**2 + 9*n + 9. Let j be p(-7). Let y be c(j). Let w = 3 - y. What are the prime factors of w?
2
Suppose -3*n - 4 = -4*n. Let r(g) = -g - n*g - 12 + 3*g. What are the prime factors of r(-9)?
2, 3
Let f = 44 - 22. What are the prime factors of f?
2, 11
Suppose 0 = 4*v + h + h + 4, 0 = -3*v - 2*h - 3. List the prime factors of (v/(-2))/((-2)/(-52)).
13
Let o(s) = s - 2. Let f be o(-5). Let n = f + 11. List the prime factors of n.
2
Suppose l - 2*l = -4. Let z be (l - 2)/(3 + -2). What are the prime factors of (z/(-4))/(4/(-48))?
2, 3
Let z(o) = -o**3 - 7*o**2 - 6*o - 4. List the prime factors of z(-7).
2, 19
Suppose 3*f + p = -3*p - 10, -3*p - 8 = 2*f. Suppose a - 11 = -i, a + 39 = 3*i - f*a. List the prime factors of i.
2, 3
Let o = -202 - -301. What are the prime factors of o?
3, 11
Let j(o) = 2*o**3 - o**2 + 5*o - 1. Suppose 0 = 3*l - 3 - 6. List the prime factors of j(l).
59
Let y be 220/35 + (-2)/7. Let t = y + -4. Suppose -c - 3 = -t*c. What are the prime factors of c?
3
Let o = -2 - -4. Let u be -19*2*1/o. Let p = 31 + u. List the prime factors of p.
2, 3
Let a = 1 - -1. Let k = -2 - a. Let p(x) = x**2 - 5. What are the prime factors of p(k)?
11
Let v be 0/3 + 0 - -5. Suppose v*h + 8 = 4*d + 99, -5*h + 2*d + 83 = 0. What are the prime factors of h?
3, 5
Let l be (5 + -1)*5/4. Suppose r + 43 = 3*f, -3*r = l*f - 2*r - 85. List the prime factors of f.
2
Let x be 3/2*(-16)/(-6). Let m(c) = 4*c + 3. What are the prime factors of m(x)?
19
List the prime factors of 64/(-12)*6/3*-3.
2
Let b(s) = -s**3 - 2*s**2 - 2*s - 2. Let l be b(-2). Let z = 2 + 1. Suppose -l*u = z*u - 30. What are the prime factors of u?
2, 3
Suppose -5*w = -10*w + 80. Let j be (1/2)/(1/w). Let f(o) = o**3 - 9*o**2 + 11*o - 12. What are the prime factors of f(j)?
2, 3
Let i = 7 - 3. Suppose -4 = -d + i. What are the prime factors of d?
2
Let s be (2/4)/((-1)/(-14)). Let g = -26 + 54. What are the prime factors of (-8)/g - (-37)/s?
5
Let n = 31 - 18. Suppose 0 = -5*o + 5*b + 110, -3*b + n = -2. List the prime factors of o.
3
Let b be (-1)/(-2) + (-2)/(-4). Let a be (5/b - 1)*-2. Let n = a - -20. What are the prime factors of n?
2, 3
Suppose -389 = -5*w - 99. List the prime factors of w.
2, 29
Let y be (-369)/(-7) - 2/(-7). Let v = 92 - y. Let z = v - 28. What are the prime factors of z?
11
Let d = -11 - -176. What are the prime factors of d?
3, 5, 11
Let h(q) = 5*q**2 - q + 0*q**2 - 2*q**2 - 2*q**2 - 3. List the prime factors of h(3).
3
List the prime factors of (-1)/(0 + 3/(-33)).
11
Suppose 0 = 5*i + 1 - 11. Suppose i*y + z = 25, 0 = -3*y - 6*z + z + 55. Suppose 4*k = -8, 2*x = -2*x - k + y. List the prime factors of x.
3
Let z = 13 - -48. What are the prime factors of z?
61
Suppose z - 7 = -3. Suppose 0 = -z*n + 5*n + 5. List the prime factors of 26 + -1 + 3 + n.
23
Suppose 3*t + 45 = 8*t. Suppose t = -4*f + 85. List the prime factors of f.
19
Let a(o) = -o**2 - 12*o - 12. Let m be a(-10). Suppose -3*l - m = l, 3*c - 23 = -2*l. Suppose -37 = -4*h - c. List the prime factors of h.
7
Let k = -56 - -160. What are the prime factors of k?
2, 13
Let v(b) = b**3 - 8*b**2 - b + 11. Let s be v(8). Let a = 5 + s. Suppose 0*k - p - a = -k, -2*k + p = -11. What are the prime factors of k?
3
Suppose -5*x + 243 = 38. What are the prime factors of x?
41
Suppose 2*n + 0*n - 37 = -5*i, 5*i = 2*n + 13. Let x(k) = 0*k + 0*k + 4 + k - 3. List the prime factors of x(n).
7
What are the prime factors of -27*(-3 + (0 - -2))?
3
Suppose 4*n + 2 = 5*n. Let r be ((-28)/(-2))/2 - n. Suppose 4*y = -r*d - 0*y + 15, 5*d + 3*y - 15 = 0. List the prime factors of d.
3
Let u